484?
470
What is the remainder when 161112 is divided by 53149?
1665
Calculate the remainder when 627398 is divided by 236.
110
What is the remainder when 1919451 is divided by 4978?
2921
What is the remainder when 5639077 is divided by 2048?
933
What is the remainder when 276970 is divided by 276870?
100
Calculate the remainder when 357439 is divided by 23824.
79
Calculate the remainder when 62981 is divided by 6987.
98
Calculate the remainder when 23273 is divided by 5604.
857
What is the remainder when 18407426 is divided by 3067898?
38
What is the remainder when 229268660 is divided by 348?
344
Calculate the remainder when 195314269 is divided by 2656.
2653
What is the remainder when 212027 is divided by 2299?
519
Calculate the remainder when 188389 is divided by 47088.
37
What is the remainder when 63213437 is divided by 128?
125
Calculate the remainder when 19265153 is divided by 15650.
3
Calculate the remainder when 10502315 is divided by 343.
341
Calculate the remainder when 228579585 is divided by 22857957.
15
What is the remainder when 6732996 is divided by 274?
268
What is the remainder when 70602007 is divided by 983?
981
What is the remainder when 7917233 is divided by 25789?
10
Calculate the remainder when 3186621 is divided by 224.
221
What is the remainder when 25745275 is divided by 2324?
3
Calculate the remainder when 266871 is divided by 13343.
11
What is the remainder when 2883071 is divided by 1247?
7
What is the remainder when 3401572 is divided by 623?
615
Calculate the remainder when 74695 is divided by 395.
40
Calculate the remainder when 20137 is divided by 20053.
84
What is the remainder when 686988 is divided by 2652?
120
Calculate the remainder when 26479 is divided by 26377.
102
Calculate the remainder when 31954681 is divided by 2662890.
1
What is the remainder when 130072 is divided by 6840?
112
What is the remainder when 524938 is divided by 127895?
13358
Calculate the remainder when 981127 is divided by 8264.
5975
What is the remainder when 1471096 is divided by 294218?
6
Calculate the remainder when 1318271 is divided by 28048.
15
Calculate the remainder when 229647896 is divided by 1850.
1846
Calculate the remainder when 12472 is divided by 10897.
1575
What is the remainder when 472340 is divided by 4269?
2750
What is the remainder when 960835 is divided by 960790?
45
Calculate the remainder when 22627014 is divided by 629.
626
What is the remainder when 29484973 is divided by 14742481?
11
Calculate the remainder when 29537148 is divided by 79.
75
What is the remainder when 675274 is divided by 488?
370
What is the remainder when 2818503 is divided by 674?
509
Calculate the remainder when 2062845 is divided by 1600.
445
Calculate the remainder when 576770 is divided by 57675.
20
Calculate the remainder when 64583362 is divided by 32324.
10
Calculate the remainder when 71488698 is divided by 80.
58
Calculate the remainder when 149814 is divided by 5993.
5982
What is the remainder when 2153050 is divided by 151?
92
What is the remainder when 247795 is divided by 2608?
35
Calculate the remainder when 34956459 is divided by 55.
54
Calculate the remainder when 46464514 is divided by 161335.
34
Calculate the remainder when 138624 is divided by 7897.
4375
What is the remainder when 2883773 is divided by 576728?
133
What is the remainder when 201391143 is divided by 17?
14
What is the remainder when 1461319 is divided by 486918?
565
Calculate the remainder when 5196474 is divided by 91.
10
What is the remainder when 4716568 is divided by 1572184?
16
What is the remainder when 5317601 is divided by 352?
289
Calculate the remainder when 968400 is divided by 322783.
51
Calculate the remainder when 448990 is divided by 7877.
1
Calculate the remainder when 13055557 is divided by 19.
11
What is the remainder when 191189359 is divided by 80?
79
What is the remainder when 7273616 is divided by 10?
6
Calculate the remainder when 79567 is divided by 783.
484
What is the remainder when 57753730 is divided by 11047?
14
What is the remainder when 22935320 is divided by 890?
20
What is the remainder when 930016 is divided by 2448?
2224
What is the remainder when 564545 is divided by 77?
58
What is the remainder when 387771 is divided by 7456?
59
Calculate the remainder when 30230 is divided by 200.
30
Calculate the remainder when 41732699 is divided by 254.
245
Calculate the remainder when 94638 is divided by 45482.
3674
Calculate the remainder when 989717 is divided by 3652.
25
Calculate the remainder when 39931 is divided by 7207.
3896
Calculate the remainder when 409322 is divided by 81863.
7
What is the remainder when 1205230 is divided by 205?
35
Calculate the remainder when 1445839 is divided by 16.
15
What is the remainder when 1117737 is divided by 940?
77
Calculate the remainder when 1770236 is divided by 121.
6
Calculate the remainder when 13541998 is divided by 366.
364
What is the remainder when 4222219 is divided by 8?
3
What is the remainder when 4527714 is divided by 11?
4
What is the remainder when 101813671 is divided by 37?
31
Calculate the remainder when 9091612 is divided by 65.
62
What is the remainder when 17998835 is divided by 5441?
7
What is the remainder when 790622 is divided by 3113?
3033
Calculate the remainder when 147540 is divided by 5131.
3872
Calculate the remainder when 35248732 is divided by 18.
16
Calculate the remainder when 272076 is divided by 33946.
508
Calculate the remainder when 118916630 is divided by 512.
22
Calculate the remainder when 1269802 is divided by 1178.
1096
Calculate the remainder when 18963492 is divided by 2168.
2164
What is the remainder when 11002598 is divided by 107867?
164
What is the remainder when 3598238072 is divided by 118?
116
Calculate the remainder when 40950464 is divided by 23.
22
What is the remainder when 25416899 is divided by 8472295?
14
What is the remainder when 98678 is divided by 4929?
98
Calculate the remainder when 91748 is divided by 88000.
3748
Calculate the remainder when 9321 is divided by 8577.
744
Calculate the remainder when 240446552 is divided by 81.
77
What is the remainder when 9263 is divided by 4449?
365
What is the remainder when 883140 is divided by 1434?
1230
Calculate the remainder when 3048801 is divided by 400.
1
Calculate the remainder when 10103 is divided by 2838.
1589
Calculate the remainder when 406724 is divided by 73.
41
What is the remainder when 13538 is divided by 3021?
1454
Calculate the remainder when 19508 is divided by 2967.
1706
What is the remainder when 63030 is divided by 6970?
300
What is the remainder when 136706 is divided by 23?
17
Calculate the remainder when 4949774 is divided by 355.
9
What is the remainder when 100704 is divided by 2494?
944
Calculate the remainder when 3830437 is divided by 56.
37
What is the remainder when 214506793 is divided by 4663191?
7
What is the remainder when 57400728 is divided by 2589?
9
What is the remainder when 923823 is divided by 175?
173
Calculate the remainder when 22804 is divided by 11398.
8
What is the remainder when 47362973 is divided by 25?
23
Calculate the remainder when 35432590 is divided by 16.
14
What is the remainder when 11960801 is divided by 3986933?
2
What is the remainder when 1154974 is divided by 17008?
15438
What is the remainder when 2062968 is divided by 18096?
24
What is the remainder when 1509059 is divided by 6?
5
What is the remainder when 21726021 is divided by 2162?
83
What is the remainder when 8136562 is divided by 59826?
226
What is the remainder when 4653269 is divided by 1121?
1119
Calculate the remainder when 13192006 is divided by 71.
64
What is the remainder when 82071055 is divided by 467?
8
What is the remainder when 8352080 is divided by 72?
8
What is the remainder when 2233049687 is divided by 34?
33
Calculate the remainder when 5309733 is divided by 474.
459
What is the remainder when 2592812 is divided by 68?
40
What is the remainder when 5707197 is divided by 3851?
15
What is the remainder when 176801 is divided by 7321?
1097
Calculate the remainder when 14151968 is divided by 163.
145
What is the remainder when 168903 is divided by 1170?
423
What is the remainder when 19505796 is divided by 18?
6
What is the remainder 